{"id":1254,"date":"2026-03-05T15:55:37","date_gmt":"2026-03-05T14:55:37","guid":{"rendered":"https:\/\/www.abrigoinfantilstmariabelem.com\/?page_id=1254"},"modified":"2026-03-06T13:11:53","modified_gmt":"2026-03-06T12:11:53","slug":"home-page","status":"publish","type":"page","link":"https:\/\/www.abrigoinfantilstmariabelem.com\/","title":{"rendered":"Bem-Vindos ao Abrigo"},"content":{"rendered":"\n<p><\/p>\n\n\n\n<figure class=\"wp-block-video aligncenter\"><video height=\"464\" style=\"aspect-ratio: 832 \/ 464;\" width=\"832\" controls src=\"https:\/\/www.abrigoinfantilstmariabelem.com\/wp-content\/uploads\/2026\/03\/WhatsApp-Video-2026-03-06-at-11.33.33-2.mp4\"><\/video><\/figure>\n\n\n\n<p class=\"has-text-align-left\">As portas abrem-se com um &#8220;Ol\u00e1!&#8221; e um sorriso que convida \u00e0 aventura. Defendemos uma educa\u00e7\u00e3o em <strong>liberdade<\/strong>, onde &#8220;sujar&#8221; as m\u00e3os na tinta e brincar na areia s\u00e3o li\u00e7\u00f5es valiosas de vida. <\/p>\n\n\n\n<p class=\"has-text-align-left\">Acreditamos na <strong>autonomia<\/strong> em cada gesto e na <strong>criatividade<\/strong> em cada tra\u00e7o, <strong>respeitando<\/strong> sempre o ritmo de cada crian\u00e7a. <\/p>\n\n\n\n<p class=\"has-text-align-left\">Somos uma escola feita de olhos curiosos e profissionais dedicados, onde o <strong>afeto <\/strong>\u00e9 a base e as paredes n\u00e3o s\u00e3o o limite.<\/p>\n\n\n\n<p class=\"has-text-align-left\">Sabemos que as <strong>Fam\u00edlias<\/strong> s\u00e3o parte fundamental deste <strong>trabalho de equipa<\/strong> e, por isso, vemo-las como verdadeiros parceiros educativos. <\/p>\n\n\n\n<p class=\"has-text-align-left\"><strong>Convidamo-lo a entrar e a fazer parte deste projeto!<\/strong><\/p>\n\n\n\n<p><\/p>\n","protected":false},"excerpt":{"rendered":"<p>As portas abrem-se com um &#8220;Ol\u00e1!&#8221; e um sorriso que convida \u00e0 aventura. Defendemos uma educa\u00e7\u00e3o em liberdade, onde &#8220;sujar&#8221; as m\u00e3os na tinta e brincar na areia s\u00e3o li\u00e7\u00f5es valiosas de vida. Acreditamos na autonomia em cada gesto e na criatividade em cada tra\u00e7o, respeitando sempre o ritmo de cada crian\u00e7a. Somos uma escola &hellip; <\/p>\n<p class=\"link-more\"><a href=\"https:\/\/www.abrigoinfantilstmariabelem.com\/\" class=\"more-link\">Continuar a ler <span class=\"screen-reader-text\">&#8220;Bem-Vindos ao Abrigo&#8221;<\/span><\/a><\/p>\n","protected":false},"author":1,"featured_media":0,"parent":0,"menu_order":0,"comment_status":"closed","ping_status":"closed","template":"","meta":{"_themeisle_gutenberg_block_has_review":false,"footnotes":""},"class_list":["post-1254","page","type-page","status-publish","hentry"],"_links":{"self":[{"href":"https:\/\/www.abrigoinfantilstmariabelem.com\/index.php?rest_route=\/wp\/v2\/pages\/1254","targetHints":{"allow":["GET"]}}],"collection":[{"href":"https:\/\/www.abrigoinfantilstmariabelem.com\/index.php?rest_route=\/wp\/v2\/pages"}],"about":[{"href":"https:\/\/www.abrigoinfantilstmariabelem.com\/index.php?rest_route=\/wp\/v2\/types\/page"}],"author":[{"embeddable":true,"href":"https:\/\/www.abrigoinfantilstmariabelem.com\/index.php?rest_route=\/wp\/v2\/users\/1"}],"replies":[{"embeddable":true,"href":"https:\/\/www.abrigoinfantilstmariabelem.com\/index.php?rest_route=%2Fwp%2Fv2%2Fcomments&post=1254"}],"version-history":[{"count":7,"href":"https:\/\/www.abrigoinfantilstmariabelem.com\/index.php?rest_route=\/wp\/v2\/pages\/1254\/revisions"}],"predecessor-version":[{"id":1378,"href":"https:\/\/www.abrigoinfantilstmariabelem.com\/index.php?rest_route=\/wp\/v2\/pages\/1254\/revisions\/1378"}],"wp:attachment":[{"href":"https:\/\/www.abrigoinfantilstmariabelem.com\/index.php?rest_route=%2Fwp%2Fv2%2Fmedia&parent=1254"}],"curies":[{"name":"wp","href":"https:\/\/api.w.org\/{rel}","templated":true}]}}